 is (0 - -2 - 1) + -32 + 37?
6
Calculate -3 - (-1 - 2) - -1 - 2.
-1
-5 + 10 + 0 + -1 + -5
-1
Evaluate -3 + -3 + (-2 - -3).
-5
-10 - -8 - (1 - 1)
-2
18 + -10 + 0 + -1
7
Evaluate 2 + (-2 - (-5 + -1)).
6
What is the value of -8 + 10 + (-1 - 5)?
-4
What is -1 + 0 + (4 + 4 - 15)?
-8
What is 2 + -3 - (6 + (-5 - -1))?
-3
What is the value of -1 + (-4 - (2 + 1)) + 3?
-5
-4 - (-7 + 3 + 2)
-2
What is the value of -1 + 1 + (0 - -18) + -14?
4
Calculate -2 + (4 - -2 - 1) + -7.
-4
What is -11 + -1 + (54 - 54) - -5?
-7
Evaluate 0 - (-8 + (-3 - 1 - -5)).
7
(-9 - -6) + -3 + -5 + 5
-6
What is 6 + 0 - (3 - -1)?
2
Evaluate -5 + (7 + 4 - 1).
5
Calculate 2 - (-1 + -3 + -2 + 3).
5
Evaluate 3 - (8 - (1 - (3 - 5))).
-2
What is 1 - ((0 + -2 - -2) + -1)?
2
What is the value of -1 + 2 + -1 + -3 + 2?
-1
Evaluate -6 + -4 + 1 - -5.
-4
(-73 - -73) + (-1 - 5)
-6
What is 13 + 3 + -1 + 54 + -60?
9
Evaluate 0 + -3 + 2 - (2 - 1).
-2
What is the value of 2 + (5 + -2 - 1)?
4
(-1 + -3 - (14 - 16)) + 0
-2
What is -7 + (15 - 10) - 4?
-6
Evaluate (11 + (-5 - 0) - 5) + -6.
-5
Calculate 9 + (-3 + -9 - -5).
2
What is the value of (-1 - 2 - -7) + 2?
6
What is the value of -1 + 7 + -7 + 2?
1
3 + (0 - 4) + -2 + 5
2
What is the value of -3 + -3 - -7 - 1?
0
-2 - (-4 - -2) - (-3 + -1)
4
What is the value of (5 - 4 - 5) + 4 - -2?
2
What is the value of -1 + 2 - ((1 - 4) + 3)?
1
Evaluate (-8 - -12) + (1 - (2 - 0)).
3
What is the value of 0 - -1 - (18 + -12)?
-5
7 + 6 + -11 + 3
5
What is the value of -1 + 7 + 9 + -12?
3
Calculate 0 + 4 - (4 - 3 - -6).
-3
Calculate (6 - -8 - 9) + 3.
8
What is the value of 50 + -47 + (-10 - 1) + 1?
-7
Calculate 1 + -4 + (0 - -1) - -3.
1
Evaluate (-8 - -5) + 3 + 3.
3
What is -10 + (9 - 9) + 21?
11
-2 + (5 - 4) + -3 + 6
2
What is the value of (12 - (8 - 1)) + 5?
10
Calculate 2 + (-1 - 2) + 3 - 9.
-7
Evaluate -2 - -7 - (11 + -1 - 5).
0
-34 + 41 - (-1 - -1)
7
What is 0 + (2 - (2 + 2))?
-2
What is -1 - (5 + (-5 - 2) - 0)?
1
Evaluate 11 - (11 + -24 - -29).
-5
Calculate 3 + -3 + 11 + -5 - 5.
1
Evaluate -8 + 14 + -4 + 3.
5
What is -6 - -9 - -2 - 3?
2
What is the value of (-8 - -12) + -5 - (5 - 0)?
-6
Calculate -3 + (6 - 2) + (2 - 2).
1
What is the value of -4 - (0 - 5 - -3)?
-2
What is the value of 0 + -1 + 3 - (3 + -5)?
4
What is 5 - 0 - -1 - 11?
-5
Calculate -5 + (-2 + -3 - -14) + -9.
-5
What is the value of 4 - (-13 - -26) - -5?
-4
Evaluate (3 - (-3 - -9)) + 4.
1
What is -8 + (-7 - -4) + 18 + -1?
6
What is the value of 6 - 9 - -2 - (-5 - -1)?
3
Calculate 2 - (-6 + 15 - 13).
6
What is 4 + -2 + (-8 - -8)?
2
Calculate -3 + 4 + -5 - -1.
-3
What is -11 + 3 + 12 + -5?
-1
What is 8 - (3 - (-2 + 2))?
5
-9 - -1 - (-18 + 15)
-5
What is the value of 0 + -1 + (118 - 117)?
0
(26 - 29) + (7 - -3)
7
What is the value of -5 + (-6 - (-11 - -3))?
-3
Evaluate -36 + 40 + (-4 - 1).
-1
(-56 - -49) + 1 + 11
5
Evaluate 3 + -1 + (0 - -6) + -3.
5
What is -9 + -5 + 4 - -4?
-6
What is (-1 - 3) + -5 + 6?
-3
Evaluate 6 + (-1 - -3) - 11.
-3
What is the value of 2 - ((-6 - 0) + 2 - -12)?
-6
Evaluate 11 - (1 + 2) - 7.
1
What is the value of -3 + (-2 - 1) + 11?
5
(-1 - (1 + -1)) + 15 + -11
3
Calculate 2 - -12 - (-9 + 7 - -9).
7
Calculate -2 + 2 + (0 - 2) + -2.
-4
Calculate -9 + 12 + 5 - 15.
-7
1 - 1 - 4 - (-26 - -26)
-4
What is -5 + 5 + -3 + (8 - 2)?
3
(5 - 0) + (10 - (18 - 6))
3
Evaluate 1 + 2 + (-52 - -45) - -10.
6
(12 - (-3 - -6)) + -7
2
What is 16 - (-5 - -10) - 10?
1
-9 + -4 + -2 - (12 + -17)
-10
What is the value of (-1 - (4 - 12)) + -11?
-4
What is the value of -1 - 5 - (4 - 7)?
-3
3 - (13 + -7 - 6)
3
What is the value of 20 - 16 - (3 + 2)?
-1
-4 + 0 + 7 - -2
5
Evaluate 3 + -15 + (20 - 8).
0
Calculate -3 - (1 - -2 - (3 - -2)).
-1
-1 + -9 + 0 + -5 + 9
-6
What is 3 + (4 - -1) + -3 + -4?
1
(5 - 1) + (3 - (0 + 5))
2
What is -1 + -8 + (15 - 7)?
-1
What is 0 + 8 + (-1 - 2) + -2?
3
(-7 - -4) + (4 + -2 - -2)
1
What is 3 + (-5 - -6) - 2?
2
Evaluate 1 - ((4 - 1) + -1 + 1).
-2
Calculate 1 + 1 + 2 + 4 + 1.
9
6 - (5 + 1 + -4)
4
Calculate -3 + -2 + -8 + 9 + -1.
-5
What is the value of (-6 + 14 - 1) + -5?
2
-51 + 59 + 1 + -1
8
Evaluate 14 + -4 + -16 + (-2 - -13).
5
-3 + 1 + -4 + 1 - -3
-2
What is the value of 7 - (-1 + 0 + 7)?
1
What is (0 - -1 - (-18 + 20)) + -2?
-3
16 + -12 - (5 - 1)
0
What is -2 - -5 - 12 - -7?
-2
Evaluate -226 + 221 - (5 - (0 + 1)).
-9
(0 - (6 + -2)) + 9
5
Calculate (13 - 7) + (-10 - -2) + 0.
-2
What is the value of -8 + 1 + -1 - -5 - -8?
5
4 - ((27 - 12) + -13)
2
What is the value of (0 - 6) + (2 + 5 - 4)?
-3
What is 13 - 15 - -12 - 1?
9
Calculate 9 + -1 + -19 - -5.
-6
Evaluate (-3 - -4) + -2 + -1 - 1.
-3
What is 0 + (15 - 9 - 4)?
2
What is the value of -2 + 1 - (2 + -2 - 3)?
2
Evaluate 2 + (7 - 3 - 11).
-5
(-6 - 0) + (-8 - (14 + -22))
-6
Calculate -3 - (3 + (-2 - 4) + 2).
-2
What is (-30 - -28) + 0 + -2 - -11?
7
-5 + (-2 - (4 - 8))
-3
Evaluate -2 + 5 + 2 + -6 + -2.
-3
What is the value of 2 + 2 - 1 - 0 - -3?
6
What is 2 - 0 - (4 - (1 + 3))?
2
Evaluate 0 + -5 - (-2 - 6).
3
-1 + 0 - (-7 + 5)
1
Calculate 8 + -3 - (-10 - -16).
-1
Calculate 3 - -1 - 2 - (4 - 5).
3
What is the value of 8 + -7 - ((-4 - -1) + 0)?
4
What is (-2 - 1) + (6 - 2)?
1
Calculate 8 + 2 + (-1 - 4).
5
Evaluate 3 + -2 - (-1 + 2 + 0).
0
3 + 0 + -46 + 45
2
(-8 - -2 - -2) + (1 - 2)
-5
(3 - (-3 + 5)) + -3 + -3
-5
What is the value of (4 - (-7 + 4)) + -3 - -2?
6
9 + -4 + -2 - (10 - 4)
-3
-1 + (2 - (-2 - -1))
2
Evaluate (-2 - (6 - 2)) + 1 - -6.
1
10 + -11 + (2 - 0)
1
What is -1 - (2 + -3 + 2 - -4)?
-6
Evaluate -5 + (-4 - -2 - -2).
-5
What is 4 + (3 - 3 - 6 - 0)?
-2
-8 - -11 - (1 + 1 + 3)
-2
-4 + -4 - -1 - (-17 + 12)
-2
What is -4 - (6 + 3 + -15)?
2
What is the value of 5 + -5 + 2 + -1 + -3?
-2
What is the value of 3 - (0 - -1) - (-54 - -61)?
-5
Evaluate 1 + -8 + (7 - 1) + 4.
3
What is -4 - (0 - (-4 - -9))?
1
What is the value of -1 - -2 - (1 - (-3 - -4))?
1
What is the value of 2 + 2 + -3 - (9 + -8)?
0
Calculate -7 + (-9 - -4 - -13) - -4.
5
What is 1 + (-3 + -4 - -9)?
3
What is 0 - (-4 + (6 - 2) + 6)?
-6
-10 + (7 - 1) + (2 - 2)
-4
3 + (6 - 4) + 0
5
Evaluate -5 - -5 - (-2 + -2).
4
Calculate (-30 - -31) + 0 + -2.
-1
4 + (6 + -15 - -4)
-1
Evaluate 10 - (1 + 2 + 2).
5
Evaluate 4 - (5 + -1) - (-1 - -5).
-4
What is 5 + -1 + -11 + 2?
-5
5 + -5 - (-3 - (2 - 7))
-2
Evaluate -12 + (21 + -3 - 7).
-1
-2 - (5 + -3) - (8 + -12)
0
Evaluate 4 + -2 - ((8 - 0) + -4).
-2
What is the value of 18 - (20 + (7 - 18))?
9
Calculate -3 + 1 + 2 - 4.
-4
What is (-15 - -4) + (4 - -4)?
-3
What is the value of (11 - 3) + -3 + (-12 - -2)?
-5
What is (-4 - -2) + (-5 - (-13 - -9))?
-3
What is 0 + 2 + -5 + (-11 - -18)?
4
(1 - 1 - 2) + -2 + 1
-3
What is 0 - (-4 - 2 - -9)?
-3
0 - (-2 + 2 + 0)
0
What is the value of 3 + 4 + (4 - 12) - -4?
3
Evaluate 5 + (3 - (-2 + 5)) + -3.
2
Evaluate -16 + 14 + -10 - -9.
-3
Calculate -14 - (-10 - (1 + -3)).
-6
What is the value of -8 + (9 - -6) - 4?
3
What is 0 + 1 + (-3 - (5 + -7))?
0
(4 - 0) + -4 + 0
0
Evaluate -2 - (4 - (2 - 1 - 0)).
-5
What is the value of (-13 - -14 - 11) + 5?
-5
Calculate 9 + -7 + 1 - 0.
3
-4 + -2 + -5 + 12
1
What is the value of (0 - 1) + (4 - 19) + 11?
-5
-4 - -1 - (-6 - -5)
-2
-10 + 12 - (-3 - -8 - 3)
0
What is 2 - (-1 + 1 - (1 + -4))?
-1
What is the value of 132 + -128 - (0 - -8)?
-4
0 - -2 - (-1 - -6) - -3
0
-301 - -300 - (-2 + 1 + -2)
2
-1 - (-3 + (-2 - -4) + 0)
0
-4 + (4 - 8 - -10)
2
Evaluate (-24 - (-16 - -7)) + 6.
-9
Evaluate 67 + -77 + (13 - 2).
1
What is the value of -3 - (-14 - -7) - -2?
6
What is the value of 5 + -1 + (3 - 2) + -2?
3
What is 6 - ((16 - 7) + -4 - 2)?
3
Evaluate (14 + -8 + 6 - 5) + -10.
-3
1 - (-1 + 5 + 27 + -26)
-4
What is 0 - (7 + -10) - 5?
-2
-1 - 5 - (8 - (3 + 10))
-1
11 - (-2 - -5) - 0 - 4
4
4 + (-20 - (-8 + -6))
-2
What is 3 - (3 - -1 - 1)?
0
What is the value of -2 + 5 - 2 - (-1 - 0)?
2
What is 0 + 1 + (-4 + 2 - 0)?
-1
(1 + 2 - (1 - 1)) + 1
4
What is the value of (-7 + 1 - -3) + -1?
-4
2 + -1 + (4 - 2 - 3)
0
What is -8 - ((-24 - -9) + 4)?
3
What is -1 - (-5 + 2) - (-5 - -10)?
-3
What is 0 + (-4 - (-3 + -4))?
3
What is -5 - (-16 + 8 - -5)?
-2
What is the value of 3 + -1 + -10 + (1 - -2)?
-5
Calculate (5 - 0) + 2 + (12 - 12).
7
What is 6 - (0 + -2 - -5)?
3
What is -2 - (-4 + 3) - 0 - 3?
-4
-42 + 36 + 0 + (-2 - -2)
-6
What is the value of -3 + 1 + 6 - 0?
4
Evaluate 5 + 4 + (-1